factors of 425?
5, 17
List the prime factors of 66194.
2, 23, 1439
What are the prime factors of 70378?
2, 7, 11, 457
What are the prime factors of 768?
2, 3
List the prime factors of 32350.
2, 5, 647
List the prime factors of 674.
2, 337
What are the prime factors of 2729?
2729
List the prime factors of 5600.
2, 5, 7
What are the prime factors of 14859?
3, 13, 127
List the prime factors of 32527.
11, 2957
List the prime factors of 7420.
2, 5, 7, 53
List the prime factors of 13710.
2, 3, 5, 457
List the prime factors of 5899.
17, 347
List the prime factors of 30743.
71, 433
List the prime factors of 152040.
2, 3, 5, 7, 181
List the prime factors of 30603.
3, 101
What are the prime factors of 1406?
2, 19, 37
List the prime factors of 10137.
3, 31, 109
What are the prime factors of 12654?
2, 3, 19, 37
List the prime factors of 24348.
2, 3, 2029
List the prime factors of 30792.
2, 3, 1283
List the prime factors of 20370.
2, 3, 5, 7, 97
List the prime factors of 67075.
5, 2683
What are the prime factors of 6950?
2, 5, 139
List the prime factors of 24667.
17, 1451
What are the prime factors of 6404?
2, 1601
What are the prime factors of 8068?
2, 2017
What are the prime factors of 48418?
2, 43, 563
List the prime factors of 7481.
7481
What are the prime factors of 1059?
3, 353
List the prime factors of 23358.
2, 3, 17, 229
What are the prime factors of 3506?
2, 1753
List the prime factors of 27.
3
What are the prime factors of 10906?
2, 7, 19, 41
What are the prime factors of 5745?
3, 5, 383
List the prime factors of 168.
2, 3, 7
What are the prime factors of 3601?
13, 277
List the prime factors of 8081.
8081
What are the prime factors of 125?
5
What are the prime factors of 2349?
3, 29
List the prime factors of 20677.
23, 29, 31
List the prime factors of 1253.
7, 179
What are the prime factors of 63141?
3, 13, 1619
What are the prime factors of 23743?
23743
What are the prime factors of 16777?
19, 883
What are the prime factors of 52985?
5, 10597
What are the prime factors of 5?
5
List the prime factors of 839.
839
What are the prime factors of 59?
59
List the prime factors of 47320.
2, 5, 7, 13
List the prime factors of 75.
3, 5
What are the prime factors of 1081?
23, 47
What are the prime factors of 5800?
2, 5, 29
List the prime factors of 820.
2, 5, 41
What are the prime factors of 1489?
1489
List the prime factors of 6124.
2, 1531
List the prime factors of 17407.
13, 103
List the prime factors of 1598.
2, 17, 47
What are the prime factors of 18751?
17, 1103
What are the prime factors of 11140?
2, 5, 557
What are the prime factors of 11416?
2, 1427
What are the prime factors of 6901?
67, 103
What are the prime factors of 5994?
2, 3, 37
What are the prime factors of 31034?
2, 59, 263
List the prime factors of 15011.
17, 883
What are the prime factors of 6213?
3, 19, 109
List the prime factors of 66.
2, 3, 11
List the prime factors of 60220.
2, 5, 3011
What are the prime factors of 1544?
2, 193
What are the prime factors of 6586?
2, 37, 89
List the prime factors of 542.
2, 271
List the prime factors of 22520.
2, 5, 563
What are the prime factors of 21710?
2, 5, 13, 167
List the prime factors of 1001.
7, 11, 13
What are the prime factors of 528?
2, 3, 11
What are the prime factors of 758?
2, 379
What are the prime factors of 122271?
3, 53, 769
List the prime factors of 8158.
2, 4079
List the prime factors of 115136.
2, 7, 257
What are the prime factors of 766?
2, 383
What are the prime factors of 1484?
2, 7, 53
List the prime factors of 516.
2, 3, 43
What are the prime factors of 3089?
3089
List the prime factors of 12246.
2, 3, 13, 157
What are the prime factors of 16246?
2, 8123
What are the prime factors of 27208?
2, 19, 179
What are the prime factors of 3174?
2, 3, 23
What are the prime factors of 15032?
2, 1879
List the prime factors of 3081.
3, 13, 79
List the prime factors of 1154.
2, 577
What are the prime factors of 72194?
2, 36097
What are the prime factors of 4499?
11, 409
List the prime factors of 72876.
2, 3, 6073
List the prime factors of 731.
17, 43
What are the prime factors of 971?
971
What are the prime factors of 844?
2, 211
List the prime factors of 96790.
2, 5, 9679
What are the prime factors of 23017?
23017
What are the prime factors of 9905?
5, 7, 283
What are the prime factors of 631?
631
What are the prime factors of 1918?
2, 7, 137
List the prime factors of 7459.
7459
What are the prime factors of 2805?
3, 5, 11, 17
What are the prime factors of 678?
2, 3, 113
What are the prime factors of 20252?
2, 61, 83
What are the prime factors of 557?
557
List the prime factors of 33355.
5, 7, 953
What are the prime factors of 1244?
2, 311
List the prime factors of 396.
2, 3, 11
List the prime factors of 655.
5, 131
What are the prime factors of 29947?
29947
List the prime factors of 813.
3, 271
List the prime factors of 613.
613
List the prime factors of 47834.
2, 23917
What are the prime factors of 891?
3, 11
List the prime factors of 12032.
2, 47
What are the prime factors of 267?
3, 89
What are the prime factors of 854?
2, 7, 61
List the prime factors of 5768.
2, 7, 103
What are the prime factors of 3786?
2, 3, 631
List the prime factors of 42693.
3, 7, 19, 107
List the prime factors of 25497.
3, 2833
List the prime factors of 1315.
5, 263
What are the prime factors of 59199?
3, 7, 2819
What are the prime factors of 25896?
2, 3, 13, 83
What are the prime factors of 381?
3, 127
What are the prime factors of 66441?
3, 22147
What are the prime factors of 1484?
2, 7, 53
What are the prime factors of 3656?
2, 457
What are the prime factors of 190?
2, 5, 19
List the prime factors of 1142.
2, 571
What are the prime factors of 1970?
2, 5, 197
List the prime factors of 55489.
7, 7927
List the prime factors of 473.
11, 43
What are the prime factors of 8019?
3, 11
What are the prime factors of 14015?
5, 2803
What are the prime factors of 14771?
14771
What are the prime factors of 672?
2, 3, 7
What are the prime factors of 3216?
2, 3, 67
List the prime factors of 49599.
3, 11, 167
What are the prime factors of 4676?
2, 7, 167
List the prime factors of 36602.
2, 18301
What are the prime factors of 16805?
5, 3361
What are the prime factors of 665?
5, 7, 19
What are the prime factors of 952?
2, 7, 17
List the prime factors of 9015.
3, 5, 601
What are the prime factors of 16350?
2, 3, 5, 109
List the prime factors of 7715.
5, 1543
What are the prime factors of 115725?
3, 5, 1543
List the prime factors of 23883.
3, 19, 419
List the prime factors of 851.
23, 37
List the prime factors of 26677.
7, 37, 103
What are the prime factors of 7504?
2, 7, 67
List the prime factors of 33676.
2, 8419
List the prime factors of 1525.
5, 61
List the prime factors of 13319.
19, 701
What are the prime factors of 4228?
2, 7, 151
List the prime factors of 831.
3, 277
What are the prime factors of 6410?
2, 5, 641
List the prime factors of 309.
3, 103
List the prime factors of 24654.
2, 3, 7, 587
List the prime factors of 4173.
3, 13, 107
What are the prime factors of 47957?
7, 13, 17, 31
What are the prime factors of 360?
2, 3, 5
What are the prime factors of 225?
3, 5
What are the prime factors of 38169?
3, 4241
What are the prime factors of 5749?
5749
What are the prime factors of 6651?
3, 739
What are the prime factors of 551?
19, 29
What are the prime factors of 7307?
7307
List the prime factors of 1352.
2, 13
What are the prime factors of 82480?
2, 5, 1031
List the prime factors of 4197.
3, 1399
What are the prime factors of 552?
2, 3, 23
What are the prime factors of 208?
2, 13
What are the prime factors of 871?
13, 67
List the prime factors of 36360.
2, 3, 5, 101
What are the prime factors of 201?
3, 67
List the prime factors of 25157.
11, 2287
List the prime factors of 22230.
2, 3, 5, 13, 19
List the prime factors of 43600.
2, 5, 109
List the prime factors of 1676.
2, 419
What are the prime factors of 56381?
13, 4337
What are the prime factors of 881?
881
List the prime factors of 4863.
3, 1621
List the prime factors of 828.
2, 3, 23
List the prime factors of 2659.
2659
What are the prime factors of 170?
2, 5, 17
What are the prime factors of 2846?
2, 1423
List the prime factors of 707.
7, 101
What are the prime factors of 44996?
2, 7, 1607
What are the 